?
True
Is 6976403 prime?
False
Is 6952063 a prime number?
False
Is 599069 a composite number?
False
Is 6872006 composite?
True
Is 146193967 prime?
True
Is 134092003 a prime number?
True
Is 43549031 prime?
True
Is 26657765 composite?
True
Is 2125919 a prime number?
True
Is 3066473 composite?
True
Is 22357351 a prime number?
False
Is 1765121 a prime number?
True
Is 12052939 a prime number?
False
Is 645425161 a composite number?
True
Is 8539087 prime?
True
Is 14951699 a prime number?
False
Is 96020601 a prime number?
False
Is 13723357 prime?
True
Is 2669231 composite?
False
Is 13354333 a composite number?
True
Is 28771363 prime?
True
Is 4319177 composite?
False
Is 502988111 composite?
False
Is 382349 a prime number?
False
Is 31204835 a composite number?
True
Is 6454199 prime?
True
Is 4766683 a composite number?
True
Is 1880627 composite?
True
Is 3692803 prime?
True
Is 3867286 composite?
True
Is 8054693 prime?
True
Is 2654493 a composite number?
True
Is 11798327 composite?
False
Is 9490813 a prime number?
True
Is 5298281 a composite number?
False
Is 503124803 a prime number?
True
Is 14551223 a composite number?
True
Is 260497 prime?
False
Is 44922977 prime?
False
Is 38391649 a prime number?
False
Is 428909209 composite?
False
Is 474697 a composite number?
True
Is 368283701 a prime number?
False
Is 966204089 prime?
True
Is 476488889 composite?
False
Is 313622357 a prime number?
True
Is 465941577 a composite number?
True
Is 10496953 composite?
False
Is 62461885 composite?
True
Is 1202689 composite?
False
Is 4072207 a composite number?
False
Is 2008529 a composite number?
False
Is 1694051 composite?
False
Is 38853967 composite?
False
Is 65853803 a composite number?
False
Is 112055737 a prime number?
True
Is 4512581 prime?
False
Is 49051027 a composite number?
True
Is 1212227 composite?
False
Is 23964121 prime?
False
Is 322170469 prime?
True
Is 670919 prime?
True
Is 215535713 a composite number?
False
Is 1287677 a composite number?
True
Is 1944059 a prime number?
False
Is 304201 a prime number?
False
Is 4994053 prime?
False
Is 198679753 composite?
False
Is 5138513 a composite number?
False
Is 59143027 prime?
False
Is 197725327 prime?
False
Is 5060293 prime?
False
Is 3246181 a composite number?
True
Is 44905357 a prime number?
False
Is 2358301 a composite number?
True
Is 312776899 a prime number?
False
Is 10680311 composite?
False
Is 82671307 a composite number?
False
Is 10246029 prime?
False
Is 1954849 a prime number?
False
Is 688133 a composite number?
False
Is 51487129 prime?
False
Is 28182367 composite?
False
Is 5933981 composite?
True
Is 13308839 a prime number?
True
Is 59803517 a prime number?
True
Is 69619 a composite number?
True
Is 4069327 a composite number?
False
Is 29167079 prime?
True
Is 13958209 prime?
True
Is 34229803 composite?
False
Is 1794967 prime?
True
Is 9798703 a prime number?
True
Is 133366369 a composite number?
False
Is 2211991 a composite number?
True
Is 2569393 a prime number?
True
Is 6859465 prime?
False
Is 3698063 composite?
False
Is 24394861 a prime number?
False
Is 14127706 a prime number?
False
Is 21330737 prime?
True
Is 308411 prime?
True
Is 7058341 a prime number?
True
Is 8087333 composite?
False
Is 15474127 a prime number?
True
Is 383441255 prime?
False
Is 15002587 prime?
True
Is 15837067 a prime number?
True
Is 28933097 a prime number?
False
Is 2585371 prime?
False
Is 13953319 a composite number?
False
Is 825329905 a prime number?
False
Is 4942705 composite?
True
Is 2895119 composite?
False
Is 21376943 a prime number?
False
Is 8023069 composite?
True
Is 72660271 composite?
False
Is 1371833 prime?
False
Is 95568379 composite?
False
Is 23396237 a prime number?
True
Is 63457283 a prime number?
False
Is 22905379 prime?
False
Is 874991 a composite number?
True
Is 337041239 composite?
False
Is 18153163 a composite number?
True
Is 4311361 composite?
False
Is 13128337 prime?
True
Is 3126377 a prime number?
True
Is 6248119 prime?
True
Is 962599 a composite number?
True
Is 27695851 a prime number?
True
Is 1295171 prime?
False
Is 50581033 prime?
True
Is 358707 a composite number?
True
Is 35673863 composite?
False
Is 46464047 a prime number?
False
Is 126257533 composite?
True
Is 3137243 composite?
False
Is 145182027 composite?
True
Is 629921 composite?
False
Is 67347743 prime?
True
Is 23142197 prime?
False
Is 20219453 composite?
False
Is 178887395 composite?
True
Is 55525739 composite?
False
Is 74901911 prime?
False
Is 47370859 a composite number?
False
Is 12212521 a prime number?
True
Is 9777257 prime?
False
Is 17293271 composite?
False
Is 2052811 composite?
True
Is 12030281 prime?
True
Is 101579461 composite?
True
Is 34719095 a composite number?
True
Is 134609 prime?
True
Is 1871771591 a composite number?
False
Is 33993119 a prime number?
True
Is 591403 a composite number?
False
Is 45624991 composite?
True
Is 17251835 a composite number?
True
Is 229326971 a composite number?
False
Is 8529259 a prime number?
True
Is 2223541 composite?
False
Is 20068219 composite?
False
Is 39605953 a composite number?
False
Is 12901537 a composite number?
True
Is 1199833 prime?
True
Is 2876457 prime?
False
Is 13845619 composite?
True
Is 94279079 a prime number?
True
Is 844161803 a prime number?
False
Is 31401517 composite?
True
Is 560639 prime?
True
Is 38299 composite?
False
Is 124751513 a prime number?
True
Is 356594107 a composite number?
False
Is 1390181 prime?
False
Is 52428583 a composite number?
False
Is 7675009 composite?
False
Is 478957 a prime number?
False
Is 3544313 a prime number?
False
Is 16173019 composite?
True
Is 17010109 a prime number?
False
Is 32461879 a composite number?
False
Is 2922643 a composite number?
True
Is 1524881 composite?
True
Is 1684373 a composite number?
False
Is 2487367 composite?
False
Is 11694629 a composite number?
False
Is 4416587 a prime number?
False
Is 2582386 prime?
False
Is 12858179 a prime number?
True
Is 10880813 a prime number?
True
Is 1390457 composite?
False
Is 723775469 prime?
True
Is 5112341 a composite number?
True
Is 37406289 composite?
True
Is 124912867 a prime number?
False
Is 220857787 a composite number?
False
Is 8926681 composite?
False
Is 853873 prime?
True
Is 17402863 composite?
False
Is 452201 a composite number?
False
Is 1853053 a composite number?
False
Is 1402559 a prime number?
False
Is 20821163 composite?
True
Is 30115529 composite?
False
Is 2186791 a prime number?
True
Is 32854 a prime number?
False
Is 58997777 a prime number?
True
Is 11355611 a prime number?
True
Is 36705121 a composite number?
False
Is 8117479 prime?
True
Is 7623869 a prime number?
False
Is 1155851 a composite number?
False
Is 2583389 a composite number?
False
Is 1040357 a prime number?
False
Is 7872407 a composite number?
True
Is 42942593 a prime number?
True
Is 8923841 prime?
True
Is 707508797 composite?
False
Is 46613981 composite?
False
Is 58689487 a composite number?
False
Is 21693121 composite?
True
Is 17809457 prime?
False
Is 1565155067 a composite number?
True
Is 19961 a prime number?
True
Is 435687355 a prime number?
False
Is 203559539 a prime number?
True
Is 23715079 prime?
False
Is 246527 a prime number?
True
Is 380641 composite?
False
Is 156068519 a composite number?
True
Is 6777691 composite?
False
Is 272943155 composite?
True
Is 2087567 a prime number?
False
Is 5892303 composite?
True
Is 14316013 a composite number?
False
Is 91646383 prime?
True
Is 171157249 a composite number?
True
Is 1711986763 a composite number?
False
Is 62965131 prime?
False
Is 69611419 a composite number?
True
Is 5044939 a composite number?
False
Is 584317 a prime number?
False
Is 4436737 a composite number?
False
Is 868731 composite?
True
Is 82100149 prime?
True
Is 262743659 a prime number?
False
Is 31883701 composite?
False
Is 200246789 a prime number?
True
Is 153643109 a prime number?
True
Is 72645041 a composite number?
True
Is 508826921 a prime number?
False
Is 36303823 composite?
True
Is 243287943 composite?
True
Is 397758183 composite?
True
Is 2434549 a composite number?
True
Is 1135931 a composite number?
True
Is 40169467 composite?
True
Is 4718387 prime?
False
Is 826109 composite?
True
Is 261179673 a composite number?
True
Is 1028411 prime?
True
Is 398399 a composite number?
True
Is 559611479 a prime number?
F